{"id":42,"date":"2024-12-25T07:38:14","date_gmt":"2024-12-25T07:38:14","guid":{"rendered":"https:\/\/www.yahyauzun.com\/?page_id=42"},"modified":"2025-01-07T08:07:06","modified_gmt":"2025-01-07T08:07:06","slug":"iletisim","status":"publish","type":"page","link":"https:\/\/www.yahyauzun.com\/index.php\/iletisim\/","title":{"rendered":"\u0130leti\u015fim"},"content":{"rendered":"\t\t<div data-elementor-type=\"wp-page\" data-elementor-id=\"42\" class=\"elementor elementor-42\">\n\t\t\t\t<div class=\"elementor-element elementor-element-7335bfa e-flex e-con-boxed e-con e-parent\" data-id=\"7335bfa\" data-element_type=\"container\">\n\t\t\t\t\t<div class=\"e-con-inner\">\n\t\t<div class=\"elementor-element elementor-element-8466085 e-con-full e-flex elementor-invisible e-con e-child\" data-id=\"8466085\" data-element_type=\"container\" data-settings=\"{&quot;animation&quot;:&quot;fadeInDown&quot;}\">\n\t\t\t\t<div class=\"elementor-element elementor-element-1b33ad9 elementor-invisible elementor-widget elementor-widget-heading\" data-id=\"1b33ad9\" data-element_type=\"widget\" data-settings=\"{&quot;_animation&quot;:&quot;fadeIn&quot;}\" data-widget_type=\"heading.default\">\n\t\t\t\t<div class=\"elementor-widget-container\">\n\t\t\t\t\t<h2 class=\"elementor-heading-title elementor-size-default\">YAHYA UZUN<\/h2>\t\t\t\t<\/div>\n\t\t\t\t<\/div>\n\t\t\t\t<\/div>\n\t\t\t\t\t<\/div>\n\t\t\t\t<\/div>\n\t\t<div class=\"elementor-element elementor-element-fc92762 e-flex e-con-boxed e-con e-parent\" data-id=\"fc92762\" data-element_type=\"container\">\n\t\t\t\t\t<div class=\"e-con-inner\">\n\t\t<div class=\"elementor-element elementor-element-c76f2c7 e-con-full e-flex elementor-invisible e-con e-child\" data-id=\"c76f2c7\" data-element_type=\"container\" data-settings=\"{&quot;animation&quot;:&quot;fadeInDown&quot;}\">\n\t\t\t\t<div class=\"elementor-element elementor-element-527b0ee elementor-invisible elementor-widget elementor-widget-text-editor\" data-id=\"527b0ee\" data-element_type=\"widget\" data-settings=\"{&quot;_animation&quot;:&quot;fadeIn&quot;}\" data-widget_type=\"text-editor.default\">\n\t\t\t\t<div class=\"elementor-widget-container\">\n\t\t\t\t\t\t\t\t\t<p><audio class=\"audio-for-speech\"><\/audio><\/p><div class=\"translate-tooltip-mtz blue sm-root translate hidden_translate\"><div class=\"header-wrapper\"><div class=\"header-controls\">\u00a0<\/div><\/div><\/div><p>BORSA VE YATIRIM STRATEJ\u0130ST\u0130<\/p>\t\t\t\t\t\t\t\t<\/div>\n\t\t\t\t<\/div>\n\t\t\t\t<\/div>\n\t\t\t\t\t<\/div>\n\t\t\t\t<\/div>\n\t\t<div class=\"elementor-element elementor-element-1d5e601 e-flex e-con-boxed e-con e-parent\" data-id=\"1d5e601\" data-element_type=\"container\">\n\t\t\t\t\t<div class=\"e-con-inner\">\n\t\t\t\t<div class=\"elementor-element elementor-element-1e6ae6f elementor-widget elementor-widget-heading\" data-id=\"1e6ae6f\" data-element_type=\"widget\" data-widget_type=\"heading.default\">\n\t\t\t\t<div class=\"elementor-widget-container\">\n\t\t\t\t\t<h2 class=\"elementor-heading-title elementor-size-default\">\u0130leti\u015fim<\/h2>\t\t\t\t<\/div>\n\t\t\t\t<\/div>\n\t\t\t\t\t<\/div>\n\t\t\t\t<\/div>\n\t\t<div class=\"elementor-element elementor-element-f77f143 e-flex e-con-boxed e-con e-parent\" data-id=\"f77f143\" data-element_type=\"container\">\n\t\t\t\t\t<div class=\"e-con-inner\">\n\t\t\t\t<div class=\"elementor-element elementor-element-1bc43a3 elementor-widget elementor-widget-text-editor\" data-id=\"1bc43a3\" data-element_type=\"widget\" data-widget_type=\"text-editor.default\">\n\t\t\t\t<div class=\"elementor-widget-container\">\n\t\t\t\t\t\t\t\t\t<p><a href=\"https:\/\/www.youtube.com\/@yahyauzun1\">Youtube Kanal\u0131m\u0131 Ziyaret Etmek \u0130\u00e7in T\u0131klay\u0131n<\/a><\/p><p><strong>E-Posta:<\/strong> yahyauzun81@gmail.com<\/p>\t\t\t\t\t\t\t\t<\/div>\n\t\t\t\t<\/div>\n\t\t\t\t\t<\/div>\n\t\t\t\t<\/div>\n\t\t\t\t<\/div>\n\t\t","protected":false},"excerpt":{"rendered":"<p>YAHYA UZUN \u00a0 BORSA VE YATIRIM STRATEJ\u0130ST\u0130 \u0130leti\u015fim Youtube Kanal\u0131m\u0131 Ziyaret Etmek \u0130\u00e7in T\u0131klay\u0131n E-Posta: yahyauzun81@gmail.com<\/p>\n","protected":false},"author":1,"featured_media":0,"parent":0,"menu_order":0,"comment_status":"closed","ping_status":"closed","template":"elementor_header_footer","meta":{"footnotes":""},"class_list":["post-42","page","type-page","status-publish","hentry"],"yoast_head":"<!-- This site is optimized with the Yoast SEO plugin v24.1 - https:\/\/yoast.com\/wordpress\/plugins\/seo\/ -->\n<title>\u0130leti\u015fim - Yahya Uzun<\/title>\n<meta name=\"robots\" content=\"index, follow, max-snippet:-1, max-image-preview:large, max-video-preview:-1\" \/>\n<link rel=\"canonical\" href=\"http:\/\/www.yahyauzun.com\/index.php\/iletisim\/\" \/>\n<meta property=\"og:locale\" content=\"tr_TR\" \/>\n<meta property=\"og:type\" content=\"article\" \/>\n<meta property=\"og:title\" content=\"\u0130leti\u015fim - Yahya Uzun\" \/>\n<meta property=\"og:description\" content=\"YAHYA UZUN \u00a0 BORSA VE YATIRIM STRATEJ\u0130ST\u0130 \u0130leti\u015fim Youtube Kanal\u0131m\u0131 Ziyaret Etmek \u0130\u00e7in T\u0131klay\u0131n E-Posta: yahyauzun81@gmail.com\" \/>\n<meta property=\"og:url\" content=\"http:\/\/www.yahyauzun.com\/index.php\/iletisim\/\" \/>\n<meta property=\"og:site_name\" content=\"Yahya Uzun\" \/>\n<meta property=\"article:modified_time\" content=\"2025-01-07T08:07:06+00:00\" \/>\n<meta name=\"twitter:card\" content=\"summary_large_image\" \/>\n<meta name=\"twitter:site\" content=\"@yahyauzun81\" \/>\n<meta name=\"twitter:label1\" content=\"Tahmini okuma s\u00fcresi\" \/>\n\t<meta name=\"twitter:data1\" content=\"1 dakika\" \/>\n<script type=\"application\/ld+json\" class=\"yoast-schema-graph\">{\"@context\":\"https:\/\/schema.org\",\"@graph\":[{\"@type\":\"WebPage\",\"@id\":\"http:\/\/www.yahyauzun.com\/index.php\/iletisim\/\",\"url\":\"http:\/\/www.yahyauzun.com\/index.php\/iletisim\/\",\"name\":\"\u0130leti\u015fim - Yahya Uzun\",\"isPartOf\":{\"@id\":\"http:\/\/www.yahyauzun.com\/#website\"},\"datePublished\":\"2024-12-25T07:38:14+00:00\",\"dateModified\":\"2025-01-07T08:07:06+00:00\",\"breadcrumb\":{\"@id\":\"http:\/\/www.yahyauzun.com\/index.php\/iletisim\/#breadcrumb\"},\"inLanguage\":\"tr\",\"potentialAction\":[{\"@type\":\"ReadAction\",\"target\":[\"http:\/\/www.yahyauzun.com\/index.php\/iletisim\/\"]}]},{\"@type\":\"BreadcrumbList\",\"@id\":\"http:\/\/www.yahyauzun.com\/index.php\/iletisim\/#breadcrumb\",\"itemListElement\":[{\"@type\":\"ListItem\",\"position\":1,\"name\":\"Anasayfa\",\"item\":\"http:\/\/www.yahyauzun.com\/\"},{\"@type\":\"ListItem\",\"position\":2,\"name\":\"\u0130leti\u015fim\"}]},{\"@type\":\"WebSite\",\"@id\":\"http:\/\/www.yahyauzun.com\/#website\",\"url\":\"http:\/\/www.yahyauzun.com\/\",\"name\":\"Yahya Uzun \/ Yat\u0131r\u0131m Stratejisti\",\"description\":\"ABD Borsalar\u0131, Hisse Senetleri, Kripto Paralar ve Yat\u0131r\u0131m Stratejileri\",\"publisher\":{\"@id\":\"http:\/\/www.yahyauzun.com\/#\/schema\/person\/3f47fc1e42778e85407e83d4938e056b\"},\"potentialAction\":[{\"@type\":\"SearchAction\",\"target\":{\"@type\":\"EntryPoint\",\"urlTemplate\":\"http:\/\/www.yahyauzun.com\/?s={search_term_string}\"},\"query-input\":{\"@type\":\"PropertyValueSpecification\",\"valueRequired\":true,\"valueName\":\"search_term_string\"}}],\"inLanguage\":\"tr\"},{\"@type\":[\"Person\",\"Organization\"],\"@id\":\"http:\/\/www.yahyauzun.com\/#\/schema\/person\/3f47fc1e42778e85407e83d4938e056b\",\"name\":\"Yahya Uzun\",\"image\":{\"@type\":\"ImageObject\",\"inLanguage\":\"tr\",\"@id\":\"http:\/\/www.yahyauzun.com\/#\/schema\/person\/image\/\",\"url\":\"http:\/\/www.yahyauzun.com\/wp-content\/uploads\/2024\/12\/114.png\",\"contentUrl\":\"http:\/\/www.yahyauzun.com\/wp-content\/uploads\/2024\/12\/114.png\",\"width\":114,\"height\":114,\"caption\":\"Yahya Uzun\"},\"logo\":{\"@id\":\"http:\/\/www.yahyauzun.com\/#\/schema\/person\/image\/\"},\"description\":\"1981 Siirt do\u011fumluyum. Lise e\u011fitimimi \u0130stanbul Cerrahpa\u015fa\u2019daki Davutpa\u015fa Lisesi\u2019nde tamamlad\u0131m. \u00dcniversite lisans e\u011fitimimi Amerika Birle\u015fik Devletleri\u2019nin New York eyaletinde bulunan Berkeley College\u2019da, Uluslararas\u0131 \u0130\u015fletme (International Business) b\u00f6l\u00fcm\u00fcnde tamamlad\u0131m. 20 y\u0131l\u0131 a\u015fk\u0131n s\u00fcredir ABD borsalar\u0131nda i\u015flem g\u00f6ren (Nasdaq, NYSE, SP500, Dow Jones) hisse senetleri, de\u011ferli metaller ve kripto para varl\u0131klar\u0131 gibi yat\u0131r\u0131m ara\u00e7lar\u0131yla ilgili stratejiler belirliyor, finansal geli\u015fmelerle ilgili analizlerimi payla\u015f\u0131yorum.\",\"sameAs\":[\"http:\/\/www.yahyauzun.com\",\"yahya_uzun_1\",\"https:\/\/x.com\/yahyauzun81\"]}]}<\/script>\n<!-- \/ Yoast SEO plugin. -->","yoast_head_json":{"title":"\u0130leti\u015fim - Yahya Uzun","robots":{"index":"index","follow":"follow","max-snippet":"max-snippet:-1","max-image-preview":"max-image-preview:large","max-video-preview":"max-video-preview:-1"},"canonical":"http:\/\/www.yahyauzun.com\/index.php\/iletisim\/","og_locale":"tr_TR","og_type":"article","og_title":"\u0130leti\u015fim - Yahya Uzun","og_description":"YAHYA UZUN \u00a0 BORSA VE YATIRIM STRATEJ\u0130ST\u0130 \u0130leti\u015fim Youtube Kanal\u0131m\u0131 Ziyaret Etmek \u0130\u00e7in T\u0131klay\u0131n E-Posta: yahyauzun81@gmail.com","og_url":"http:\/\/www.yahyauzun.com\/index.php\/iletisim\/","og_site_name":"Yahya Uzun","article_modified_time":"2025-01-07T08:07:06+00:00","twitter_card":"summary_large_image","twitter_site":"@yahyauzun81","twitter_misc":{"Tahmini okuma s\u00fcresi":"1 dakika"},"schema":{"@context":"https:\/\/schema.org","@graph":[{"@type":"WebPage","@id":"http:\/\/www.yahyauzun.com\/index.php\/iletisim\/","url":"http:\/\/www.yahyauzun.com\/index.php\/iletisim\/","name":"\u0130leti\u015fim - Yahya Uzun","isPartOf":{"@id":"http:\/\/www.yahyauzun.com\/#website"},"datePublished":"2024-12-25T07:38:14+00:00","dateModified":"2025-01-07T08:07:06+00:00","breadcrumb":{"@id":"http:\/\/www.yahyauzun.com\/index.php\/iletisim\/#breadcrumb"},"inLanguage":"tr","potentialAction":[{"@type":"ReadAction","target":["http:\/\/www.yahyauzun.com\/index.php\/iletisim\/"]}]},{"@type":"BreadcrumbList","@id":"http:\/\/www.yahyauzun.com\/index.php\/iletisim\/#breadcrumb","itemListElement":[{"@type":"ListItem","position":1,"name":"Anasayfa","item":"http:\/\/www.yahyauzun.com\/"},{"@type":"ListItem","position":2,"name":"\u0130leti\u015fim"}]},{"@type":"WebSite","@id":"http:\/\/www.yahyauzun.com\/#website","url":"http:\/\/www.yahyauzun.com\/","name":"Yahya Uzun \/ Yat\u0131r\u0131m Stratejisti","description":"ABD Borsalar\u0131, Hisse Senetleri, Kripto Paralar ve Yat\u0131r\u0131m Stratejileri","publisher":{"@id":"http:\/\/www.yahyauzun.com\/#\/schema\/person\/3f47fc1e42778e85407e83d4938e056b"},"potentialAction":[{"@type":"SearchAction","target":{"@type":"EntryPoint","urlTemplate":"http:\/\/www.yahyauzun.com\/?s={search_term_string}"},"query-input":{"@type":"PropertyValueSpecification","valueRequired":true,"valueName":"search_term_string"}}],"inLanguage":"tr"},{"@type":["Person","Organization"],"@id":"http:\/\/www.yahyauzun.com\/#\/schema\/person\/3f47fc1e42778e85407e83d4938e056b","name":"Yahya Uzun","image":{"@type":"ImageObject","inLanguage":"tr","@id":"http:\/\/www.yahyauzun.com\/#\/schema\/person\/image\/","url":"http:\/\/www.yahyauzun.com\/wp-content\/uploads\/2024\/12\/114.png","contentUrl":"http:\/\/www.yahyauzun.com\/wp-content\/uploads\/2024\/12\/114.png","width":114,"height":114,"caption":"Yahya Uzun"},"logo":{"@id":"http:\/\/www.yahyauzun.com\/#\/schema\/person\/image\/"},"description":"1981 Siirt do\u011fumluyum. Lise e\u011fitimimi \u0130stanbul Cerrahpa\u015fa\u2019daki Davutpa\u015fa Lisesi\u2019nde tamamlad\u0131m. \u00dcniversite lisans e\u011fitimimi Amerika Birle\u015fik Devletleri\u2019nin New York eyaletinde bulunan Berkeley College\u2019da, Uluslararas\u0131 \u0130\u015fletme (International Business) b\u00f6l\u00fcm\u00fcnde tamamlad\u0131m. 20 y\u0131l\u0131 a\u015fk\u0131n s\u00fcredir ABD borsalar\u0131nda i\u015flem g\u00f6ren (Nasdaq, NYSE, SP500, Dow Jones) hisse senetleri, de\u011ferli metaller ve kripto para varl\u0131klar\u0131 gibi yat\u0131r\u0131m ara\u00e7lar\u0131yla ilgili stratejiler belirliyor, finansal geli\u015fmelerle ilgili analizlerimi payla\u015f\u0131yorum.","sameAs":["http:\/\/www.yahyauzun.com","yahya_uzun_1","https:\/\/x.com\/yahyauzun81"]}]}},"_links":{"self":[{"href":"https:\/\/www.yahyauzun.com\/index.php\/wp-json\/wp\/v2\/pages\/42","targetHints":{"allow":["GET"]}}],"collection":[{"href":"https:\/\/www.yahyauzun.com\/index.php\/wp-json\/wp\/v2\/pages"}],"about":[{"href":"https:\/\/www.yahyauzun.com\/index.php\/wp-json\/wp\/v2\/types\/page"}],"author":[{"embeddable":true,"href":"https:\/\/www.yahyauzun.com\/index.php\/wp-json\/wp\/v2\/users\/1"}],"replies":[{"embeddable":true,"href":"https:\/\/www.yahyauzun.com\/index.php\/wp-json\/wp\/v2\/comments?post=42"}],"version-history":[{"count":31,"href":"https:\/\/www.yahyauzun.com\/index.php\/wp-json\/wp\/v2\/pages\/42\/revisions"}],"predecessor-version":[{"id":334,"href":"https:\/\/www.yahyauzun.com\/index.php\/wp-json\/wp\/v2\/pages\/42\/revisions\/334"}],"wp:attachment":[{"href":"https:\/\/www.yahyauzun.com\/index.php\/wp-json\/wp\/v2\/media?parent=42"}],"curies":[{"name":"wp","href":"https:\/\/api.w.org\/{rel}","templated":true}]}}